se 1 = 2*c - o, 3*c - 8*o - 19 = -10*o. Suppose -4*x - c*n - 25 - 3 = 0, 0 = -2*n. Give r(x).
25
Suppose 5*u - a = 5, 0 = -u + 4*a + 1 - 0. Let z(l) = -11*l + 2. Determine z(u).
-9
Suppose -56 = -4*m - 24. Let z(c) be the third derivative of c**5/60 - c**4/4 - c**3/6 + 665*c**2. Determine z(m).
15
Suppose 2*h + 0*h = 8, -21 = -3*u - 3*h. Suppose 0 = -z + u*g - 12, 4*z + 2*g = -z + 25. Let d(s) = -13 + 4*s**2 + 10 + s**3 + z*s**2 + 4*s. What is d(-6)?
9
Let m(v) = v + 2 - 1 - 6*v**2 + v + 5*v**2. Let g be m(2). Let y(n) = -n + 75*n**2 + 87*n**2 - 154*n**2. What is y(g)?
7
Suppose -8*c = -7*c - 204. Let h(g) = -202*g + 5 + 7*g**2 + c*g - 2 + g**3. Calculate h(-7).
-11
Let z(g) = -2*g**2 - 21*g + 78. Let v(s) = -5*s**2 - 41*s + 156. Let b(t) = -4*v(t) + 9*z(t). Calculate b(6).
0
Let y(j) be the first derivative of 2*j**2 - 5/3*j**3 - 1/4*j**4 + 293 + 3*j. What is y(-5)?
-17
Let o(f) = -7*f**2 - 2*f**2 + f**2 + 1 - f**2. Suppose 0 = -5*n + 2*p - 8, p + 12 = -2*n + 7. What is o(n)?
-35
Suppose -3*c = -0 - 3. Suppose 6*y + 22 - 94 = 0. Let z(r) = y*r**3 - 5*r**3 + 1 - 6*r**3 - 11*r**3. Give z(c).
-9
Suppose -u = 2*g - 5*g - 1, -3*g + 31 = u. Let s(t) = t**2 - 16*t + 12. Calculate s(u).
12
Let w(v) = -301*v**3 + 17*v**2 - 6*v - 38. Let j(x) = -361*x**3 + 18*x**2 - 8*x - 38. Let n(t) = 5*j(t) - 6*w(t). Determine n(11).
-127
Let w(j) = 17*j**2 - 14 + 82*j**3 + 70*j**3 - 37 - 14*j - 150*j**3. Give w(-9).
-6
Let h be (-35 - -35) + (6 - (2 - (-12)/(-4))). Let v(f) = f**2 - 11*f + 6. Let q(w) = 2*w**2 - 23*w + 11. Let m(b) = -2*q(b) + 5*v(b). Give m(h).
-6
Let q(c) = c**2 + 11*c. Let i(t) = 3*t**2 - 231*t. Let y(a) = -2*i(a) - 42*q(a). Determine y(-1).
-48
Suppose 9943*y + 71 = 9942*y + 5*v, -64 = -y - 4*v. Let d(x) be the second derivative of -x**4/12 - x**3/3 + 2*x**2 + x. What is d(y)?
-20
Suppose -3 + 0 = 2*y + 5*s, y + 3*s = -3. Let g(p) = -p**3 - 1. Let r(m) = 4*m**2 + 1 - 6*m - 8*m**2 - m**2 + m + 7*m**3. Let a(f) = -6*g(f) - r(f). Give a(y).
-1
Suppose 0 = 6*t - 15*t + 117. Suppose 2*z - 12 = 4*s, z = 5*s - t + 34. Let b(v) = -v**3 - 6*v**2 - 6*v. Determine b(z).
-8
Let r = 196 - 194. Let o(a) = 1 - 21*a**2 - 22*a**r + 56*a**2 - 23*a**2. Suppose -p + 2*p = -4*z - 19, 4*p + 3*z + 11 = 0. Give o(p).
-9
Suppose 0 = -3*l + n + 19 + 4, 3*n + 39 = 4*l. Suppose i = l*i - 10. Let u(r) = -2 - 71*r + 35*r + r**i + 31*r. Calculate u(4).
-6
Let f(l) be the first derivative of l**3/3 - 8*l + 5. Suppose -2*q + 2*s = -5*q + 30, 3*q - s = 12. Give f(q).
28
Let b(s) = 40*s - 45. Suppose 67*w = 65*w + 180. Let g(v) = v - 1. Let n(r) = w*g(r) - 2*b(r). Calculate n(2).
20
Let t = 5764 + -5760. Let g(h) = -2*h**2 - 2*h**2 + 3*h**2 + 8*h - 2 - 2*h. Determine g(t).
6
Let d(y) be the first derivative of -95*y**2/2 - 366*y - 5784. What is d(-4)?
14
Let j(b) = b - 8. Let g = 0 - -77. Suppose 12*f - 23*f + g = 0. Give j(f).
-1
Let d(l) = -73*l + 8*l**2 + 216*l - 2*l**3 - 40*l + l**3 - 55*l. Calculate d(12).
0
Let r(s) be the second derivative of -s**3/3 + 25*s**2 + 297*s + 3. Determine r(29).
-8
Let h(n) = 75*n**3 + 1. Let u(t) = -4*t**2 - 35*t + 87. Let s be u(2). Calculate h(s).
76
Let g(d) = -58*d**3 + 21*d**3 + 5*d**2 + 14*d**3 + 15 + 4*d + 24*d**3. Calculate g(-5).
-5
Let u(m) be the first derivative of -m**2/2 + 4*m - 10394. Let p be (-4)/14 - (-100)/7. Calculate u(p).
-10
Let o(h) = -5*h - 13. Let n = 4829 + -4818. Determine o(n).
-68
Let k(y) be the first derivative of y**2/2 - 2*y + 358. Let i(d) = 3*d**3 + 2*d**2 - d - 1. Let w = -25 - -26. Let l be i(w). Determine k(l).
1
Let h = 9638 - 9643. Let d(g) = 20*g + 16. What is d(h)?
-84
Let t be ((-11)/((-132)/20) - 8/12)*0. Let p(u) be the second derivative of -29*u + t - 1/6*u**3 + 13*u**2. What is p(0)?
26
Let v(x) = -2*x**2 - 10*x + 14. Suppose 5*l - 4*w = -9*w, 2*l = -4*w - 6. Suppose l*d + 123 - 105 = 0. Give v(d).
2
Let x(b) = 110*b**2 + 8*b + 15. Let i(a) = -215*a**2 - 18*a - 33. Let n(r) = 5*i(r) + 11*x(r). Calculate n(-1).
137
Let v = -72 + 80. Let o(b) = 4 + 8 - 9*b**3 - 7*b**2 - 6 + 10*b**3 - 9*b. Determine o(v).
-2
Let o(w) = 8*w - 43. Let v(t) = 21*t - 125. Let l(a) = -8*o(a) + 3*v(a). Determine l(-18).
-13
Let n(a) be the third derivative of -5*a**4/8 - 32*a**3/3 + 465*a**2 - 3. Calculate n(-5).
11
Let p(l) = 7*l + 117. Let r be p(-16). Let s(y) = 15*y - 74. Let d be s(r). Let t(c) = 8*c**2 - c. Determine t(d).
7
Let y(x) = -x**2 - 8*x + 3. Suppose -8*r = -6*r - 6*r - 36. Determine y(r).
-6
Suppose -10*n = -9*n - 2. Let t(w) = 4 - w**3 + 1 - 16*w**2 + 9*w**2 + n*w. Give t(-7).
-9
Let b be 5/((-1)/(-2) - 1/6). Let w(q) = -9*q + 24*q - q**2 - 23 + 27. Determine w(b).
4
Let q(o) = 165 - 50 + o - 3*o - 65. Let y be q(21). Let f be 27/(-7) - ((-16)/(-14))/y. Let z(l) = 6*l + 6. Determine z(f).
-18
Let g(q) = -12*q + 501. Let v be (-4 - -3)/(-11*8/3784). Determine g(v).
-15
Let n(j) = -8008*j - 109417. Let t(h) = 85*h + 1164. Let r(z) = 9*n(z) + 847*t(z). Determine r(15).
0
Let b(o) = o**2. Let h = 57 + -55. Suppose -9*q - h = -7*q. Calculate b(q).
1
Suppose 3*t = 2*w - 19, 6 = -2*t + 26*w - 28*w. Let m(z) be the third derivative of z**4/6 + 2*z**3/3 + 2*z**2. Calculate m(t).
-16
Let l(h) = -2*h**3 - 3*h**2 - h - 1. Let f be ((6/(-5))/3)/((-35)/1225). Suppose -5*y - f = 2*t, -2*y = t - 3 + 9. Calculate l(t).
5
Suppose 0 = -4*i - 75 + 51. Let z(t) be the third derivative of t**6/120 + 7*t**5/60 + 5*t**4/24 - t**3/3 + 361*t**2. What is z(i)?
4
Let f(g) = g**3 + 2*g**2 + 2*g + 2. Let q = -85 + -132. Let m = 215 + q. Determine f(m).
-2
Let y(b) = -b**3 - 9*b**2 - 18*b - 290. Let l be y(-10). Let x(d) = -4*d + 21. Let g(t) = -t + 1. Let v(i) = 6*g(i) - x(i). Determine v(l).
5
Let w(p) = -p - 8. Let n = 78 - 6. Let y = n - 92. Let x be 5*(104/y - -4). Give w(x).
-2
Let r(l) = l**3 - 9*l**2 + 2*l - 11. Let k(v) = 2*v**3 - 12*v**2 + v - 8. Let b be k(6). Let h be (1 - 1)/(b - -1) - -9. Determine r(h).
7
Let w(i) = -8*i + 1. Suppose x - 5*j = 4*x - 47, 0 = -3*x - 4*j + 43. Let o(a) = 14 - 11 + x*a - 4. Let g(r) = 4*o(r) + 3*w(r). Give g(2).
23
Let h(r) = 88*r**2 - 11 - 113*r**2 + 23*r**2 + 16*r. Calculate h(10).
-51
Let s(a) = -a**2 + a + 5. Let x(o) = -o - 17. Let y be 17*(-3)/((-3)/(-1)). Let f be x(y). Let i be s(f). Let g(p) = -p**2 + 6*p - 4. Calculate g(i).
1
Let p(t) be the second derivative of 5*t**3/6 - 10*t**2 - 115*t. Give p(0).
-20
Suppose 0 = -37*u + 26*u - 33. Let l(m) = m**2 + 7*m + 7. Give l(u).
-5
Let m be (5 + -1)/(5 - (-26)/(-6)). Let v(y) = -9*y**2 - 8*y - 6. Let f(i) = -7*i**2 - 7*i - 5. Let u(n) = 5*f(n) - 4*v(n). Calculate u(m).
17
Let n(x) = 15*x + 20. Let y = 21 - 14. Let z(r) = -27*r + 17 + 32*r - 10. Let c(g) = y*z(g) - 2*n(g). Calculate c(-6).
-21
Let a(j) be the third derivative of -j**7/1680 - j**6/120 - 14*j**5/15 + 2*j**2 - 3*j. Let k(l) be the third derivative of a(l). What is k(-4)?
6
Let f(i) = i**2 - 4*i + 4. Let u(o) = o - 31. Let x(y) = -3. Let n(q) = -u(q) + 5*x(q). Let b be n(11). Calculate f(b).
9
Let f(o) = -o**2 + 9*o + 2. Suppose -7*y = 3*y. Suppose y*r + r - 9 = 0. Suppose -44*i + 43*i = -r. What is f(i)?
2
Let o(r) = 46*r - 1 - 88*r + 39*r. Suppose 17*p - 26 = 4*p. Suppose -3*t = -p*q + 5, -2*t - 4 + 2 = -q. Determine o(t).
-4
Suppose 22 = -4*s + 3*v, -30 = 6*s - 3*v - v. Let q(r) = 2*r - 26*r**2 + 3 - 4 + 2. Calculate q(s).
-27
Let u(o) = 5*o - 2. Let i(k) = 6*k - 3. Let d(w) = -4*i(w) + 5*u(w). Let v be -5 + (133 - 4) + 4*-1. Let s = -125 + v. Calculate d(s).
-3
Let h(c) be the first derivative of -c**3/3 + c**2/2 + 1. Suppose 18*p = 41 + 31. Suppose 0 = -t + 3*t + p. Give h(t).
-6
Let d(k) be the second derivative of -22*k - 1/60*k**5 + 0 + 0*k**3 - 1/2*k**4 + 0*k**2 + 1/240*k**6. Let l(s) be the third derivative of d(s). Calculate l(-3).
-11
Let u(h) = -h**3 - h**2 - 8. Suppose b = -0*z + z - 3, 4*z = -b + 17. Let g be z/10 + 48/(-120). Calculate u(g).
-8
Let a = 81 - 79. Let n(k) = -k + 29*k**3 + 12*k**3 - 58*k**3 - 2*k**a. What is n(-1)?
16
Suppose 4*j = -2*t + 54, 0 = j + 150*t - 154*t + 9. Let i(k) = k**2 - 13*k - 25. Calculate i(j).
-47
Suppose -5*n = 5*f + 5, -n + 3*n = 2*f + 14. Let s(r) = 0*r + 1237*r**3 + 2 - 1238*r**n + 7*r + 7*r**2. Determine s(8).
-6
Let o(v) = v + 11. Let a(k) = k**3 + 1771 + 5*k**2 + 4*k - 5*k - 1747. Let y be a(-6). What is o(y)?
5
L